f x?
1
Let y(s) = -29*s + 37*s + 32 - 3 - 39*s. What is the tens digit of y(-14)?
6
Let r = -74 - -135. Suppose r = -5*a - 89. What is the units digit of 10/4*(0 + (-612)/a)?
1
Let g(r) = 16*r**3 - 2*r**2 - 2*r + 51. What is the hundreds digit of g(3)?
4
Let a = 2916 - 1446. Suppose 4*i = 14*i - a. What is the tens digit of i?
4
Let t = 12271 - 247. What is the tens digit of t?
2
Suppose -3*n + 6*m = 5*m - 2523, 849 = n + m. What is the tens digit of n?
4
Let g be (4/(-6))/((-16)/72). Suppose 4*q - g*q - d - 4 = 0, 5*d + 10 = 0. Suppose 0*a - 165 = -a - q*v, -v = 4*a - 681. What is the tens digit of a?
7
Let o = -2201 + 2155. Suppose 487 = 4*d + 91. Let w = o + d. What is the units digit of w?
3
What is the hundreds digit of -3 + (-31)/(496/(-633792))?
6
Let f(i) = -198*i - 7. Let l = 37 - 38. What is the tens digit of f(l)?
9
Let a be ((-33)/22)/(3/(-18)). Suppose -3*k = t + a, -2*t + 3*k = -0*t - 18. Suppose -t*h + 181 = -2*x, 3*h - 2*x = -2*h + 299. What is the units digit of h?
9
Suppose 22*o = 54540 - 9418. What is the tens digit of o - ((-5 - 0) + 1)?
5
Let d = -5272 + 30085. What is the tens digit of d?
1
Let z = 595 + -590. Suppose -5*v - 4*u + 5085 = 0, 7672 = z*v + 3*u + 2592. What is the tens digit of v?
1
Suppose -2*r - 1523 = -3*l, 50*r + 1517 = 3*l + 45*r. What is the hundreds digit of l?
5
Suppose 4*n + 5*i - 33974 = 0, -10*n + 5*n + 2*i = -42517. What is the tens digit of n?
0
Suppose t + 3*z - 9 = -28, 5*t + 2*z = -82. What is the tens digit of 10*((-28)/t)/((-2)/(-40))?
5
Let n be ((-9)/(-2))/(18/60). Suppose -5*k + n = -15. Suppose -10*f = -k*f - 92. What is the units digit of f?
3
Let i = -7036 - -12334. What is the units digit of i?
8
Suppose -11*f + 124486 = -4*b, 4*f + 6*b - 45263 = 9*b. What is the units digit of f?
8
Suppose 0 = -5*h - 5*c + 55920, -3*c + 330021 = 22*h + 83821. What is the hundreds digit of h?
1
Let b be 26640/234 + (-2)/(-13). Let i = b + -49. What is the units digit of (-2028)/i*5*-1?
6
Let l(h) = -183*h - 1. Let i be l(1). Suppose -32*y - 2700 = 2*y - 15246. Let w = y + i. What is the units digit of w?
5
Let p(c) = -244*c - 1726. What is the units digit of p(-32)?
2
Suppose 256*n + g + 139061 = 259*n, -4*n = -3*g - 185408. What is the thousands digit of n?
6
Suppose m + 3*b - 85 = 67, 2*b = 8. Let s = 241 - m. Let c = s - 84. What is the tens digit of c?
1
Suppose 0 = -3*l + 4*l - 1, 3*h = -l + 13. Suppose h*b = -2*b - 6. What is the units digit of 399/3 - (2 + b)?
2
Let b(g) = -g**2 - g + 4. Let h be b(3). Let z be 18/h - -2 - 78/8. Let l(v) = -v**2 - 18*v + 11. What is the units digit of l(z)?
1
Suppose 0 = -2*z - 4*m + 43660, -740*z - 5*m = -743*z + 65512. What is the tens digit of z?
3
Suppose -3*u + 4*y + 1280 = 0, 4*u + 3*y - 283 = 1407. Suppose u = 2*p - 2*s, 2*p + 7*s = 2*s + 431. What is the tens digit of p?
1
Let q(g) = -2*g**3 + 3*g**2 - 22*g - 14. Let x be (-51)/9 + -1 + (-4)/(-6). Let r be q(x). What is the units digit of r/4 - (-4)/(-16)*2?
4
Let s(i) = -i**3 - 9*i**2 + 3*i - 22. Let l be s(-10). Let n be (l - 0) + 1 - 1. Suppose -2*x - 2*z + n = 0, z + 3*z - 16 = 0. What is the units digit of x?
0
Suppose 3*a = 5*a + 4*u + 314, 0 = 3*u - 3. Let o(l) = -2*l**2 + 9*l + 117. Let k be o(-8). Let s = k - a. What is the tens digit of s?
7
Let n(y) = y**3 + 7*y**2 - 13*y - 30. Let f be n(-9). Let q = f + 80. Suppose 4*h = 3*a - 155, -q*h = -5*a + 3*a + 108. What is the tens digit of a?
4
Let g(w) = -4509*w**3 - w - 1. What is the units digit of g(-1)?
9
Let o(a) = -16*a**3 - 6*a**2 - 8*a - 2. Let m be o(-5). Suppose 4*i = -4*g + 2080 + 1696, -2*i + 5*g + m = 0. What is the hundreds digit of i?
9
Let f(b) = -5*b - 3*b + 13*b + 110. What is the tens digit of f(-16)?
3
Let q(w) = 4*w**2 - 11*w + 1. Let t be q(3). Suppose 0 = -5*r + 8 + 7, -4*y = t*r - 1208. What is the hundreds digit of y?
2
Let w be 7*(2 - 3) - 2. Let n be 39/w + (-2)/(-6). Let q(t) = 4*t**2 + 9*t + 1. What is the units digit of q(n)?
9
Let u(d) = -d**2 + 15*d - 45. Let p be u(4). Let h(x) = -288*x + 28. What is the hundreds digit of h(p)?
3
Let v(q) = q**3 - 2*q + 1. Let k be v(-2). Let o be (-3 - k)*(0 + 1). Suppose 4*h = z + 8, -2*h = -o*z + z + 2. What is the units digit of h?
1
Suppose -j - 2*a = -4792, 2*j - a - a - 9572 = 0. What is the hundreds digit of j?
7
Let c be 11/(-11)*2/(-2). What is the tens digit of 18/180 - c*(-529)/10?
5
Suppose 14*o - 28 = 12*o - 4*v, v - 5 = 0. Suppose -o*l = -2*p - 7486, -2*p = -14 + 4. What is the hundreds digit of l?
8
Suppose -11*o + 257 + 23129 = 0. What is the units digit of o?
6
Suppose -4*m - 949 = -361. Let z = -1 - m. What is the hundreds digit of 4*(-1 + z/4)?
1
Suppose 384*h - 464*h = -1188946 + 208706. What is the ten thousands digit of h?
1
What is the tens digit of (-3 - 641/2)/(20/(-920))?
8
Suppose 0 = 73*y - 50*y - 7107. Suppose 0 = -2*j - 8, -4*a = 4*j - 3433 + y. What is the units digit of a?
5
Let n(k) = 35*k**3 - 3*k**2 - 48*k + 397. What is the tens digit of n(10)?
1
Suppose 2*a + l = -587, 4*l - 69 - 211 = a. Let q = a - -155. Let c = 408 + q. What is the tens digit of c?
7
Let j(w) = -w**3 + w**2 + 3*w + 2. Let k be j(-2). Suppose -i - k = i. Let o = i + 14. What is the tens digit of o?
1
Let d(z) = 5*z - 2. Let p be 2/(-8) - (-14)/(-8). Let o be d(p). What is the units digit of o/(-21) + (-9)/(-21)?
1
Let h(u) = -33 - 6 + 28*u**2 - 13*u**3 + 30*u + 23*u. Let o(z) = 7*z**3 - 14*z**2 - 27*z + 20. Let x(w) = 6*h(w) + 11*o(w). What is the units digit of x(15)?
6
Suppose 4*g = -2*h + 2*g + 530, -2*h + 2*g = -546. Suppose -1519 = -4*n + h. Suppose -a = -3, 3*c + a + a = n. What is the units digit of c?
7
Suppose -h + 4210 = 2*y, -28*y + 5*h - 10525 = -33*y. What is the thousands digit of y?
2
Suppose -169 = -5*q + 5*n - 19, 0 = 4*n - 20. What is the hundreds digit of (-8 + q/5)*-449?
4
Suppose 0 = -5*d + 285 - 255. Suppose 5*r + 2*t = 5663, -d*r + r + 5661 = 4*t. What is the units digit of r?
3
Let m = 30 + -11. Let q = -15 + m. Suppose -2*n = 3*b - 224, -n = 2*n + q*b - 334. What is the tens digit of n?
0
Suppose 9*b - 6*b = 48. Suppose -718 = -b*d + 14*d. What is the tens digit of d?
5
Let m be (-6)/(0 - 3) + -3. Let q be 2/2*(m + 5). Let z(i) = 36*i - 26. What is the hundreds digit of z(q)?
1
Let h(t) = 4067*t**3 - 55*t**2 - 1. What is the tens digit of h(2)?
1
Let x = -219 + 203. What is the hundreds digit of (1 + -22)*x - 3?
3
What is the thousands digit of -1*(-7766)/(-88)*1*-32?
2
Let w be (-1)/3 - 71890/105. Let x = 1070 + w. What is the tens digit of x?
8
Suppose 6*k - 4 = 2. Let b be 0 - 2 - 91/k*-1. Let c = b + -12. What is the tens digit of c?
7
Suppose 63*h - 58601 - 393739 = 0. What is the thousands digit of h?
7
Let a(o) = 2*o + 44. Let c be a(-18). Suppose c*k - 427 = k. Let b = k - 43. What is the units digit of b?
8
Suppose -16*g + 20 = -11*g. What is the units digit of 508/16 + g/16 + 5?
7
Suppose 4*l = -i + 29766, -3*l - 42 = -57. What is the hundreds digit of i?
7
What is the tens digit of 21*((-1320)/(-54) + (-4)/(-18))?
1
Suppose -3*h + 3*a + 18 = -0*h, 4*h - 23 = 3*a. Suppose 2*u + 98 = -3*v + 7*u, 3*v = -h*u - 58. What is the units digit of (-979)/(-6) + (v/12)/13?
3
Let z(v) be the first derivative of -49*v**2/2 - 15*v - 99. What is the tens digit of z(-3)?
3
Let d(u) = -1071*u - 5. Let i be d(-1). Suppose i = 2*h - 2*s, -2*h = -4*h - 2*s + 1046. What is the units digit of h?
8
Suppose 0 = 2*r - l - 3*l - 20, 5*r = 4*l + 32. Suppose 0 = r*a - 913 - 623. Let k = a + -189. What is the hundreds digit of k?
1
Suppose 3*x + 28678 - 78291 = 5*l, x = -5*l + 16571. What is the ten thousands digit of x?
1
Suppose 487 = -65*o + 66*o. Let d = -42 + o. What is the hundreds digit of d?
4
Let z be 27/((-162)/(-60))*(0 + 1). Let q(b) = b + 5. Let p be q(-5). Suppose -5*a - z = p, -5*t - 5*a + 15 + 20 = 0. What is the units digit of t?
9
Let o(d) = 2*d**3 + 22*d**2 + 13*d - 6. Let r be -33*3/15 - (-2)/(-5). Let h(s) = -s - 17. Let b be h(r). What is the tens digit of o(b)?
6
Let c(n) = 76*n + 7. Let k be c(1). Suppose -k = -w + 126. What is the tens digit of w?
0
Suppose -3*n + 359 = 2*c - 390, -2*n + 1878 = 5*c. Suppose -2*y + c = -360. What is the tens digit of y?
6
Let x(h) = 242*h**3 - 29*h**2 + 6*h - 20. What is the ten thousands digit of x(5)?
2
Su